
37
What is the remainder when 759336 is divided by 253110?
6
Calculate the remainder when 9778 is divided by 1088.
1074
Calculate the remainder when 383 is divided by 9.
5
What is the remainder when 13148 is divided by 324?
188
Calculate the remainder when 781 is divided by 627.
154
What is the remainder when 4981 is divided by 43?
36
Calculate the remainder when 6035 is divided by 51.
17
Calculate the remainder when 10318425 is divided by 162.
159
Calculate the remainder when 109281 is divided by 215.
61
What is the remainder when 27821 is divided by 105?
101
What is the remainder when 1749 is divided by 45?
39
Calculate the remainder when 1081 is divided by 687.
394
Calculate the remainder when 126745 is divided by 338.
333
Calculate the remainder when 79358 is divided by 80.
78
Calculate the remainder when 15466 is divided by 35.
31
Calculate the remainder when 13589 is divided by 1859.
576
Calculate the remainder when 1621 is divided by 42.
25
Calculate the remainder when 24316 is divided by 34.
6
Calculate the remainder when 2527 is divided by 910.
707
What is the remainder when 31096 is divided by 384?
376
Calculate the remainder when 122427 is divided by 165.
162
What is the remainder when 10179 is divided by 636?
3
What is the remainder when 11058 is divided by 148?
106
Calculate the remainder when 393928 is divided by 9161.
5
What is the remainder when 1041 is divided by 920?
121
Calculate the remainder when 14286 is divided by 940.
186
Calculate the remainder when 702 is divided by 484.
218
What is the remainder when 4800444 is divided by 65?
64
Calculate the remainder when 22080 is divided by 61.
59
What is the remainder when 38495 is divided by 18954?
587
Calculate the remainder when 24339 is divided by 256.
19
Calculate the remainder when 14878 is divided by 286.
6
Calculate the remainder when 155452 is divided by 101.
13
What is the remainder when 59478 is divided by 7?
6
What is the remainder when 7365 is divided by 461?
450
What is the remainder when 2681 is divided by 388?
353
Calculate the remainder when 16517 is divided by 3278.
127
What is the remainder when 95301 is divided by 47649?
3
What is the remainder when 33830 is divided by 8?
6
What is the remainder when 210270 is divided by 65?
60
What is the remainder when 9036 is divided by 1075?
436
What is the remainder when 3701 is divided by 3627?
74
Calculate the remainder when 59498 is divided by 3.
2
What is the remainder when 3208 is divided by 3200?
8
Calculate the remainder when 103968 is divided by 10.
8
Calculate the remainder when 12231 is divided by 1109.
32
What is the remainder when 87231 is divided by 359?
353
Calculate the remainder when 14152 is divided by 834.
808
Calculate the remainder when 3026891 is divided by 1994.
1993
What is the remainder when 128533 is divided by 27?
13
Calculate the remainder when 1332278 is divided by 13.
12
What is the remainder when 52306 is divided by 137?
109
What is the remainder when 532223 is divided by 176?
175
Calculate the remainder when 90265 is divided by 60.
25
Calculate the remainder when 9018 is divided by 1501.
12
What is the remainder when 78108 is divided by 57?
18
Calculate the remainder when 69633 is divided by 42.
39
What is the remainder when 11705 is divided by 1462?
9
What is the remainder when 6139 is divided by 1635?
1234
What is the remainder when 82984 is divided by 39?
31
What is the remainder when 33634 is divided by 209?
194
Calculate the remainder when 170857 is divided by 42714.
1
What is the remainder when 691 is divided by 223?
22
Calculate the remainder when 57424 is divided by 580.
4
Calculate the remainder when 126031 is divided by 4.
3
Calculate the remainder when 260151 is divided by 1341.
1338
Calculate the remainder when 17883 is divided by 2978.
15
Calculate the remainder when 5547133 is divided by 287.
284
What is the remainder when 11746 is divided by 1303?
19
What is the remainder when 865 is divided by 861?
4
Calculate the remainder when 64928 is divided by 67.
5
What is the remainder when 50100 is divided by 57?
54
What is the remainder when 8404 is divided by 233?
16
Calculate the remainder when 61023 is divided by 20340.
3
What is the remainder when 416831 is divided by 96?
95
What is the remainder when 25307 is divided by 54?
35
What is the remainder when 26877 is divided by 110?
37
What is the remainder when 168325 is divided by 17?
8
What is the remainder when 35781 is divided by 92?
85
What is the remainder when 7611 is divided by 1087?
2
What is the remainder when 1878 is divided by 19?
16
Calculate the remainder when 35325 is divided by 73.
66
What is the remainder when 57001 is divided by 109?
103
What is the remainder when 19952 is divided by 9952?
48
Calculate the remainder when 3373 is divided by 1276.
821
What is the remainder when 269322 is divided by 315?
312
What is the remainder when 17639 is divided by 8699?
241
Calculate the remainder when 164979 is divided by 49.
45
What is the remainder when 2076 is divided by 61?
2
What is the remainder when 38022 is divided by 319?
61
Calculate the remainder when 536824 is divided by 178940.
4
Calculate the remainder when 102854 is divided by 23.
21
Calculate the remainder when 173137 is divided by 149.
148
Calculate the remainder when 2856 is divided by 778.
522
Calculate the remainder when 15412 is divided by 33.
1
What is the remainder when 3785 is divided by 1889?
7
What is the remainder when 1010 is divided by 226?
106
What is the remainder when 15634 is divided by 39?
34
What is the remainder when 409443 is divided by 55?
23
Calculate the remainder when 53532 is divided by 13378.
20
Calculate the remainder when 28841 is divided by 38.
37
Calculate the remainder when 379301 is divided by 34.
31
Calculate the remainder when 18130 is divided by 279.
274
What is the remainder when 32468 is divided by 18?
14
Calculate the remainder when 20659 is divided by 62.
13
Calculate the remainder when 185 is divided by 69.
47
What is the remainder when 436103 is divided by 24?
23
Calculate the remainder when 314367 is divided by 44908.
11
Calculate the remainder when 2793 is divided by 65.
63
Calculate the remainder when 1757 is divided by 247.
28
What is the remainder when 366367 is divided by 101?
40
Calculate the remainder when 4770 is divided by 24.
18
What is the remainder when 11251 is divided by 3707?
130
What is the remainder when 40422 is divided by 795?
672
What is the remainder when 2283 is divided by 59?
41
Calculate the remainder when 689 is divided by 167.
21
What is the remainder when 29291 is divided by 480?
11
What is the remainder when 884522 is divided by 93?
92
Calculate the remainder when 1108 is divided by 236.
164
What is the remainder when 86111 is divided by 149?
138
What is the remainder when 128533 is divided by 779?
777
What is the remainder when 18027 is divided by 13?
9
What is the remainder when 7832 is divided by 388?
72
Calculate the remainder when 390395 is divided by 3.
2
What is the remainder when 16749 is divided by 578?
565
What is the remainder when 9055 is divided by 482?
379
What is the remainder when 5777 is divided by 272?
65
Calculate the remainder when 64970 is divided by 367.
11
Calculate the remainder when 6313 is divided by 352.
329
Calculate the remainder when 2040712 is divided by 247.
245
What is the remainder when 1593 is divided by 265?
3
What is the remainder when 3096 is divided by 1543?
10
Calculate the remainder when 24332 is divided by 2232.
2012
What is the remainder when 5706 is divided by 114?
6
What is the remainder when 6184 is divided by 328?
280
What is the remainder when 11925 is divided by 253?
34
Calculate the remainder when 461405 is divided by 32957.
7
What is the remainder when 68830 is divided by 956?
954
Calculate the remainder when 5615 is divided by 24.
23
What is the remainder when 3032 is divided by 10?
2
Calculate the remainder when 20856 is divided by 374.
286
What is the remainder when 1062 is divided by 42?
12
What is the remainder when 103097 is divided by 20?
17
What is the remainder when 12082 is divided by 1096?
26
What is the remainder when 336 is divided by 72?
48
Calculate the remainder when 1124 is divided by 151.
67
Calculate the remainder wh